{"id":56,"date":"2026-03-31T08:25:12","date_gmt":"2026-03-31T08:25:12","guid":{"rendered":"https:\/\/rehooldus.ee\/home\/"},"modified":"2026-03-31T10:02:42","modified_gmt":"2026-03-31T10:02:42","slug":"kodu","status":"publish","type":"page","link":"https:\/\/rehooldus.ee\/","title":{"rendered":"Kodu"},"content":{"rendered":"\n<div class=\"wp-block-uagb-container uagb-block-cd77220d alignfull uagb-is-root-container\"><div class=\"uagb-container-inner-blocks-wrap\">\n<div class=\"wp-block-uagb-info-box uagb-block-d3223aa3 uagb-infobox__content-wrap  uagb-infobox-icon-above-title uagb-infobox-image-valign-top wp-block-uagb-info-box--has-margin\"><div class=\"uagb-infobox-margin-wrapper\"><div class=\"uagb-ifb-content\"><div class=\"uagb-ifb-title-wrap\"><p class=\"uagb-ifb-title-prefix\">Usaldusv\u00e4\u00e4rne hooldusteenus teie kodu jaoks<\/p><h1 class=\"uagb-ifb-title\">Kvaliteetne koristus ja hooldus<\/h1><\/div><div class=\"uagb-ifb-button-wrapper wp-block-button\"><a href=\"?page_id=59\/\" class=\"uagb-infobox-cta-link wp-block-button__link\" target=\"_self\" rel=\"noopener noreferrer\" onclick=\"return true;\"><span class=\"uagb-inline-editing\">K\u00fcsi pakkumist<\/span><\/a><\/div><\/div><\/div><\/div>\n<\/div><\/div>\n\n\n\n<div class=\"wp-block-uagb-container uagb-block-244cbd12 alignfull uagb-is-root-container\"><div class=\"uagb-container-inner-blocks-wrap\">\n<div class=\"wp-block-uagb-container uagb-block-6fa5941a\">\n<div class=\"wp-block-uagb-image uagb-block-2e594df1 wp-block-uagb-image--layout-default wp-block-uagb-image--effect-static wp-block-uagb-image--align-none\"><figure class=\"wp-block-uagb-image__figure\"><img decoding=\"async\" srcset=\"https:\/\/rehooldus.ee\/wp-content\/uploads\/2026\/03\/pexels-photo-6195895.jpeg ,https:\/\/rehooldus.ee\/wp-content\/uploads\/2026\/03\/pexels-photo-6195895.jpeg 780w, https:\/\/rehooldus.ee\/wp-content\/uploads\/2026\/03\/pexels-photo-6195895.jpeg 360w\" sizes=\"auto, (max-width: 480px) 150px\" src=\"https:\/\/rehooldus.ee\/wp-content\/uploads\/2026\/03\/pexels-photo-6195895.jpeg\" alt=\"Two cleaners in red uniforms load a vacuum into a white van outdoors.\" class=\"uag-image-8\" width=\"264\" height=\"400\" title=\"about-us-01\" loading=\"lazy\" role=\"img\"\/><\/figure><\/div>\n\n\n\n<div class=\"wp-block-uagb-image uagb-block-51a1e3f4 wp-block-uagb-image--layout-default wp-block-uagb-image--effect-static wp-block-uagb-image--align-none\"><figure class=\"wp-block-uagb-image__figure\"><img decoding=\"async\" srcset=\"https:\/\/rehooldus.ee\/wp-content\/uploads\/2026\/03\/pexels-photo-17651101.jpg ,https:\/\/rehooldus.ee\/wp-content\/uploads\/2026\/03\/pexels-photo-17651101.jpg 780w, https:\/\/rehooldus.ee\/wp-content\/uploads\/2026\/03\/pexels-photo-17651101.jpg 360w\" sizes=\"auto, (max-width: 480px) 150px\" src=\"https:\/\/rehooldus.ee\/wp-content\/uploads\/2026\/03\/pexels-photo-17651101.jpg\" alt=\"Cleaning supplies and tools outside a building entrance bathed in sunlight.\" class=\"uag-image-9\" width=\"264\" height=\"400\" title=\"about-us-02\" loading=\"lazy\" role=\"img\"\/><\/figure><\/div>\n<\/div>\n\n\n\n<div class=\"wp-block-uagb-info-box uagb-block-04f54c6b uagb-infobox__content-wrap  uagb-infobox-icon-above-title uagb-infobox-image-valign-top wp-block-uagb-info-box--has-margin\"><div class=\"uagb-infobox-margin-wrapper\"><div class=\"uagb-ifb-content\"><div class=\"uagb-ifb-title-wrap\"><h2 class=\"uagb-ifb-title\">Meie lugu<\/h2><\/div><div class=\"uagb-ifb-separator\"><\/div><p class=\"uagb-ifb-desc\">RemEly Hooldus on p\u00fchendunud pakkuma kvaliteetseid koristus- ja hooldusteenuseid, tagades klientidele murevaba koost\u00f6\u00f6 ja usaldusv\u00e4\u00e4rsuse.<\/p><div class=\"uagb-ifb-button-wrapper wp-block-button\"><a href=\"?page_id=57\/\" class=\"uagb-infobox-cta-link wp-block-button__link\" target=\"_self\" rel=\"noopener noreferrer\" onclick=\"return true;\"><span class=\"uagb-inline-editing\">Loe rohkem<\/span><\/a><\/div><\/div><\/div><\/div>\n<\/div><\/div>\n\n\n\n<div class=\"wp-block-uagb-container uagb-layout-flex uagb-block-4c762e94 alignfull uagb-is-root-container\"><div class=\"uagb-container-inner-blocks-wrap\">\n<div class=\"wp-block-uagb-advanced-heading uagb-block-c3875504\"><h2 class=\"uagb-heading-text\">Meie teenused<\/h2><div class=\"uagb-separator\"><\/div><\/div>\n\n\n\n<div class=\"wp-block-uagb-container uagb-block-bc041212\">\n<div class=\"wp-block-uagb-container uagb-layout-flex uagb-block-4a192826\">\n<div class=\"wp-block-uagb-image uagb-block-60e3dd43 wp-block-uagb-image--layout-default wp-block-uagb-image--effect-static wp-block-uagb-image--align-none\"><figure class=\"wp-block-uagb-image__figure\"><img decoding=\"async\" srcset=\"https:\/\/rehooldus.ee\/wp-content\/uploads\/2026\/03\/pexels-photo-6197116.jpeg ,https:\/\/rehooldus.ee\/wp-content\/uploads\/2026\/03\/pexels-photo-6197116.jpeg 780w, https:\/\/rehooldus.ee\/wp-content\/uploads\/2026\/03\/pexels-photo-6197116.jpeg 360w\" sizes=\"auto, (max-width: 480px) 150px\" src=\"https:\/\/rehooldus.ee\/wp-content\/uploads\/2026\/03\/pexels-photo-6197116.jpeg\" alt=\"Cleaning team in red overalls mopping and sanitizing a modern home interior.\" class=\"uag-image-10\" width=\"400\" height=\"370\" title=\"our-services-01\" loading=\"lazy\" role=\"img\"\/><\/figure><\/div>\n\n\n\n<div class=\"wp-block-uagb-info-box uagb-block-840b5f97 uagb-infobox__content-wrap  uagb-infobox-icon-above-title uagb-infobox-image-valign-top wp-block-uagb-info-box--has-margin\"><div class=\"uagb-infobox-margin-wrapper\"><div class=\"uagb-ifb-content\"><div class=\"uagb-ifb-title-wrap\"><span class=\"uagb-ifb-title-prefix\">01<\/span><h3 class=\"uagb-ifb-title\">Koristusteenus<\/h3><\/div><p class=\"uagb-ifb-desc\">Pakume p\u00f5hjalikku koristusteenust kodudele ja kortermajadele, tagades puhtuse ja korralikkuse.<\/p><\/div><\/div><\/div>\n<\/div>\n\n\n\n<div class=\"wp-block-uagb-container uagb-block-1800ed7f\">\n<div class=\"wp-block-uagb-image uagb-block-c116be8f wp-block-uagb-image--layout-default wp-block-uagb-image--effect-static wp-block-uagb-image--align-none\"><figure class=\"wp-block-uagb-image__figure\"><img decoding=\"async\" srcset=\"https:\/\/rehooldus.ee\/wp-content\/uploads\/2026\/03\/pexels-photo-10141895.jpeg ,https:\/\/rehooldus.ee\/wp-content\/uploads\/2026\/03\/pexels-photo-10141895.jpeg 780w, https:\/\/rehooldus.ee\/wp-content\/uploads\/2026\/03\/pexels-photo-10141895.jpeg 360w\" sizes=\"auto, (max-width: 480px) 150px\" src=\"https:\/\/rehooldus.ee\/wp-content\/uploads\/2026\/03\/pexels-photo-10141895.jpeg\" alt=\"Contemporary apartment building with balconies under a clear blue sky.\" class=\"uag-image-11\" width=\"400\" height=\"370\" title=\"our-services-03\" loading=\"lazy\" role=\"img\"\/><\/figure><\/div>\n\n\n\n<div class=\"wp-block-uagb-info-box uagb-block-8077a5a3 uagb-infobox__content-wrap  uagb-infobox-icon-above-title uagb-infobox-image-valign-top wp-block-uagb-info-box--has-margin\"><div class=\"uagb-infobox-margin-wrapper\"><div class=\"uagb-ifb-content\"><div class=\"uagb-ifb-title-wrap\"><span class=\"uagb-ifb-title-prefix\">02<\/span><h3 class=\"uagb-ifb-title\">Mugavushooldus<\/h3><\/div><p class=\"uagb-ifb-desc\">Meie mugavushooldus toetab kodu heakorda ja toimimist, olles usaldusv\u00e4\u00e4rne partner igasugustes hooldust\u00f6\u00f6des.<\/p><\/div><\/div><\/div>\n<\/div>\n<\/div>\n<\/div><\/div>\n\n\n\n<div class=\"wp-block-uagb-container uagb-block-d19db421 alignfull uagb-is-root-container\"><div class=\"uagb-container-inner-blocks-wrap\">\n<div class=\"wp-block-uagb-container uagb-block-989b44ee\">\n<div class=\"wp-block-uagb-info-box uagb-block-66e3a3e9 uagb-infobox__content-wrap  uagb-infobox-icon-above-title uagb-infobox-image-valign-top wp-block-uagb-info-box--has-margin\"><div class=\"uagb-infobox-margin-wrapper\"><div class=\"uagb-ifb-content\"><div class=\"uagb-ifb-separator\"><\/div><div class=\"uagb-ifb-title-wrap\"><h2 class=\"uagb-ifb-title-prefix\">Alustage oma puhtuse teekonda<\/h2><p class=\"uagb-ifb-title\">Meie professionaalne meeskond ootab, et pakkuda teile parimat teenust.<\/p><\/div><div class=\"uagb-ifb-button-wrapper wp-block-button\"><a href=\"?page_id=59\/\" class=\"uagb-infobox-cta-link wp-block-button__link\" target=\"_self\" rel=\"noopener noreferrer\" onclick=\"return true;\"><span class=\"uagb-inline-editing\">K\u00fcsi pakkumist<\/span><\/a><\/div><\/div><\/div><\/div>\n<\/div>\n<\/div><\/div>\n\n\n\n<div class=\"wp-block-uagb-container uagb-block-53373bd2 alignfull uagb-is-root-container\"><div class=\"uagb-container-inner-blocks-wrap\">\n<div class=\"wp-block-uagb-advanced-heading uagb-block-7235e8b9\"><h2 class=\"uagb-heading-text\">Miks valida meid<\/h2><div class=\"uagb-separator\"><\/div><\/div>\n\n\n\n<div class=\"wp-block-uagb-container uagb-block-c7767897\">\n<div class=\"wp-block-uagb-container uagb-block-aeffd4bb\">\n<div class=\"wp-block-uagb-info-box uagb-block-f53dcbd6 uagb-infobox__content-wrap  uagb-infobox-icon-above-title uagb-infobox-image-valign-top wp-block-uagb-info-box--has-margin\"><div class=\"uagb-infobox-margin-wrapper\"><div class=\"uagb-ifb-content\"><div class=\"uagb-ifb-icon-wrap\"><div class=\"uagb-iconbox-icon-wrap uagb-infobox-shape-circle\"><svg xmlns=\"https:\/\/www.w3.org\/2000\/svg\" viewBox=\"0 0 256 512\"><path d=\"M256 448c0 17.67-14.33 32-32 32H32c-17.67 0-32-14.33-32-32s14.33-32 32-32h64V123.8L49.75 154.6C35.02 164.5 15.19 160.4 5.375 145.8C-4.422 131.1-.4531 111.2 14.25 101.4l96-64c9.828-6.547 22.45-7.187 32.84-1.594C153.5 41.37 160 52.22 160 64.01v352h64C241.7 416 256 430.3 256 448z\"><\/path><\/svg><\/div><\/div><div class=\"uagb-ifb-title-wrap\"><p class=\"uagb-ifb-title\">Usaldusv\u00e4\u00e4rsus<\/p><\/div><p class=\"uagb-ifb-desc\">Tagame meie teenuste j\u00e4rjepideva kvaliteedi ja usaldusv\u00e4\u00e4rsuse igas koost\u00f6\u00f6s.<\/p><\/div><\/div><\/div>\n<\/div>\n\n\n\n<div class=\"wp-block-uagb-container uagb-block-ab3a2153\">\n<div class=\"wp-block-uagb-info-box uagb-block-4e28e1d4 uagb-infobox__content-wrap  uagb-infobox-icon-above-title uagb-infobox-image-valign-top wp-block-uagb-info-box--has-margin\"><div class=\"uagb-infobox-margin-wrapper\"><div class=\"uagb-ifb-content\"><div class=\"uagb-ifb-icon-wrap\"><div class=\"uagb-iconbox-icon-wrap uagb-infobox-shape-circle\"><svg xmlns=\"https:\/\/www.w3.org\/2000\/svg\" viewBox=\"0 0 320 512\"><path d=\"M320 448c0 17.67-14.33 32-32 32H32c-13.08 0-24.83-7.953-29.7-20.09c-4.859-12.12-1.859-26 7.594-35.03l193.6-185.1c31.36-30.17 33.95-80 5.812-113.4c-14.91-17.69-35.86-28.12-58.97-29.38C127.4 95.83 105.3 103.9 88.53 119.9L53.52 151.7c-13.08 11.91-33.33 10.89-45.2-2.172C-3.563 136.5-2.594 116.2 10.48 104.3l34.45-31.3c28.67-27.34 68.39-42.11 108.9-39.88c40.33 2.188 78.39 21.16 104.4 52.03c49.8 59.05 45.2 147.3-10.45 200.8l-136 130H288C305.7 416 320 430.3 320 448z\"><\/path><\/svg><\/div><\/div><div class=\"uagb-ifb-title-wrap\"><p class=\"uagb-ifb-title\">Kohandatav teenus<\/p><\/div><p class=\"uagb-ifb-desc\">Pakume kohandatud lahendusi, mis vastavad teie spetsiifilistele vajadustele ja ootustele<\/p><\/div><\/div><\/div>\n<\/div>\n<\/div>\n<\/div><\/div>\n","protected":false},"excerpt":{"rendered":"<p>Usaldusv\u00e4\u00e4rne hooldusteenus teie kodu jaoks Kvaliteetne koristus ja hooldus K\u00fcsi pakkumist Meie lugu RemEly Hooldus on p\u00fchendunud pakkuma kvaliteetseid koristus- [&hellip;]<\/p>\n","protected":false},"author":1,"featured_media":0,"parent":0,"menu_order":0,"comment_status":"closed","ping_status":"closed","template":"","meta":{"_uag_custom_page_level_css":"","site-sidebar-layout":"default","site-content-layout":"","ast-site-content-layout":"default","site-content-style":"default","site-sidebar-style":"default","ast-global-header-display":"","ast-banner-title-visibility":"","ast-main-header-display":"","ast-hfb-above-header-display":"","ast-hfb-below-header-display":"","ast-hfb-mobile-header-display":"","site-post-title":"disabled","ast-breadcrumbs-content":"","ast-featured-img":"","footer-sml-layout":"","ast-disable-related-posts":"","theme-transparent-header-meta":"enabled","adv-header-id-meta":"","stick-header-meta":"","header-above-stick-meta":"","header-main-stick-meta":"","header-below-stick-meta":"","astra-migrate-meta-layouts":"default","ast-page-background-enabled":"default","ast-page-background-meta":{"desktop":{"background-color":"var(--ast-global-color-4)","background-image":"","background-repeat":"repeat","background-position":"center center","background-size":"auto","background-attachment":"scroll","background-type":"","background-media":"","overlay-type":"","overlay-color":"","overlay-opacity":"","overlay-gradient":""},"tablet":{"background-color":"","background-image":"","background-repeat":"repeat","background-position":"center center","background-size":"auto","background-attachment":"scroll","background-type":"","background-media":"","overlay-type":"","overlay-color":"","overlay-opacity":"","overlay-gradient":""},"mobile":{"background-color":"","background-image":"","background-repeat":"repeat","background-position":"center center","background-size":"auto","background-attachment":"scroll","background-type":"","background-media":"","overlay-type":"","overlay-color":"","overlay-opacity":"","overlay-gradient":""}},"ast-content-background-meta":{"desktop":{"background-color":"var(--ast-global-color-5)","background-image":"","background-repeat":"repeat","background-position":"center center","background-size":"auto","background-attachment":"scroll","background-type":"","background-media":"","overlay-type":"","overlay-color":"","overlay-opacity":"","overlay-gradient":""},"tablet":{"background-color":"var(--ast-global-color-5)","background-image":"","background-repeat":"repeat","background-position":"center center","background-size":"auto","background-attachment":"scroll","background-type":"","background-media":"","overlay-type":"","overlay-color":"","overlay-opacity":"","overlay-gradient":""},"mobile":{"background-color":"var(--ast-global-color-5)","background-image":"","background-repeat":"repeat","background-position":"center center","background-size":"auto","background-attachment":"scroll","background-type":"","background-media":"","overlay-type":"","overlay-color":"","overlay-opacity":"","overlay-gradient":""}},"footnotes":""},"class_list":["post-56","page","type-page","status-publish","hentry"],"uagb_featured_image_src":{"full":false,"thumbnail":false,"medium":false,"medium_large":false,"large":false,"1536x1536":false,"2048x2048":false},"uagb_author_info":{"display_name":"Rauno","author_link":"https:\/\/rehooldus.ee\/?author=1"},"uagb_comment_info":0,"uagb_excerpt":"Usaldusv\u00e4\u00e4rne hooldusteenus teie kodu jaoks Kvaliteetne koristus ja hooldus K\u00fcsi pakkumist Meie lugu RemEly Hooldus on p\u00fchendunud pakkuma kvaliteetseid koristus- [&hellip;]","_links":{"self":[{"href":"https:\/\/rehooldus.ee\/index.php?rest_route=\/wp\/v2\/pages\/56","targetHints":{"allow":["GET"]}}],"collection":[{"href":"https:\/\/rehooldus.ee\/index.php?rest_route=\/wp\/v2\/pages"}],"about":[{"href":"https:\/\/rehooldus.ee\/index.php?rest_route=\/wp\/v2\/types\/page"}],"author":[{"embeddable":true,"href":"https:\/\/rehooldus.ee\/index.php?rest_route=\/wp\/v2\/users\/1"}],"replies":[{"embeddable":true,"href":"https:\/\/rehooldus.ee\/index.php?rest_route=%2Fwp%2Fv2%2Fcomments&post=56"}],"version-history":[{"count":5,"href":"https:\/\/rehooldus.ee\/index.php?rest_route=\/wp\/v2\/pages\/56\/revisions"}],"predecessor-version":[{"id":562,"href":"https:\/\/rehooldus.ee\/index.php?rest_route=\/wp\/v2\/pages\/56\/revisions\/562"}],"wp:attachment":[{"href":"https:\/\/rehooldus.ee\/index.php?rest_route=%2Fwp%2Fv2%2Fmedia&parent=56"}],"curies":[{"name":"wp","href":"https:\/\/api.w.org\/{rel}","templated":true}]}}